st common factor of 460 and 3151.
23
Calculate the highest common factor of 51 and 697.
17
Calculate the highest common divisor of 143 and 165.
11
Calculate the greatest common divisor of 82 and 2.
2
What is the greatest common factor of 7 and 1043?
7
Calculate the highest common factor of 9 and 96.
3
What is the highest common factor of 220 and 80?
20
What is the highest common divisor of 28 and 434?
14
What is the highest common divisor of 679 and 7?
7
What is the highest common divisor of 84 and 5264?
28
What is the highest common divisor of 215 and 10?
5
Calculate the highest common divisor of 5217 and 141.
141
What is the greatest common divisor of 161 and 7?
7
Calculate the greatest common factor of 902 and 308.
22
Calculate the greatest common divisor of 22475 and 25.
25
What is the highest common divisor of 252 and 1026?
18
Calculate the greatest common factor of 55 and 3080.
55
What is the greatest common factor of 480 and 216?
24
Calculate the greatest common factor of 608 and 16.
16
Calculate the highest common factor of 18 and 10269.
9
Calculate the greatest common divisor of 4512 and 141.
141
Calculate the highest common divisor of 360 and 216.
72
What is the highest common factor of 4788 and 836?
76
Calculate the greatest common divisor of 190 and 22990.
190
Calculate the greatest common factor of 16 and 2384.
16
Calculate the highest common factor of 5 and 44035.
5
Calculate the greatest common factor of 244 and 32.
4
Calculate the highest common divisor of 32 and 500.
4
Calculate the highest common divisor of 13338 and 78.
78
What is the highest common divisor of 33 and 2607?
33
Calculate the greatest common divisor of 103 and 113609.
103
Calculate the greatest common divisor of 3 and 4.
1
What is the greatest common divisor of 33 and 99?
33
What is the greatest common divisor of 2 and 22?
2
Calculate the highest common factor of 1628 and 111.
37
What is the highest common factor of 57 and 247?
19
Calculate the highest common divisor of 117 and 36.
9
What is the highest common divisor of 61 and 2501?
61
Calculate the greatest common divisor of 5 and 13570.
5
What is the highest common factor of 364 and 208?
52
What is the highest common factor of 60 and 16?
4
What is the highest common factor of 234 and 546?
78
What is the greatest common divisor of 20 and 16?
4
Calculate the highest common divisor of 180 and 585.
45
What is the greatest common divisor of 686 and 4900?
98
What is the greatest common factor of 846 and 94?
94
Calculate the greatest common divisor of 6169 and 31.
31
Calculate the greatest common factor of 3182 and 222.
74
Calculate the highest common divisor of 42 and 11746.
14
What is the highest common divisor of 564 and 1764?
12
Calculate the highest common factor of 915 and 15.
15
What is the greatest common factor of 445 and 89?
89
What is the highest common divisor of 721 and 28?
7
Calculate the greatest common factor of 287 and 42763.
287
What is the highest common divisor of 6519 and 1060?
53
What is the highest common factor of 2350 and 75?
25
What is the greatest common divisor of 1001 and 385?
77
What is the highest common divisor of 204 and 12?
12
What is the greatest common factor of 33 and 1?
1
What is the highest common divisor of 14 and 36?
2
Calculate the highest common divisor of 66 and 77.
11
What is the greatest common factor of 10659 and 102?
51
What is the greatest common divisor of 531 and 36?
9
What is the highest common divisor of 15 and 35?
5
Calculate the highest common divisor of 50 and 2525.
25
What is the highest common divisor of 2408 and 56?
56
What is the greatest common factor of 505 and 40?
5
Calculate the greatest common factor of 1490 and 20.
10
Calculate the greatest common divisor of 14 and 322.
14
Calculate the highest common divisor of 5447 and 39.
13
What is the greatest common factor of 376 and 94?
94
What is the highest common factor of 120 and 310?
10
Calculate the greatest common factor of 24360 and 8.
8
What is the highest common factor of 29 and 17777?
29
Calculate the greatest common divisor of 3546 and 18.
18
Calculate the highest common factor of 14148 and 108.
108
What is the greatest common factor of 26 and 4147?
13
Calculate the greatest common divisor of 8205 and 30.
15
Calculate the greatest common factor of 25 and 1825.
25
What is the highest common factor of 18172 and 1848?
308
What is the greatest common factor of 147 and 84?
21
What is the greatest common divisor of 8 and 164?
4
What is the greatest common factor of 782 and 115?
23
What is the highest common factor of 520 and 80?
40
What is the greatest common divisor of 156 and 208?
52
What is the highest common factor of 3014 and 2?
2
What is the highest common divisor of 696 and 18?
6
What is the greatest common divisor of 22325 and 95?
95
Calculate the greatest common factor of 154 and 364.
14
Calculate the highest common factor of 12 and 38.
2
What is the greatest common factor of 135 and 27?
27
Calculate the highest common divisor of 72 and 1458.
18
What is the greatest common divisor of 36 and 7572?
12
Calculate the greatest common factor of 11 and 18997.
11
Calculate the greatest common factor of 7238 and 2303.
329
Calculate the highest common divisor of 783 and 45.
9
What is the highest common factor of 4495 and 493?
29
What is the highest common factor of 16 and 32?
16
Calculate the highest common divisor of 56 and 216.
8
What is the greatest common divisor of 3 and 39?
3
What is the greatest common divisor of 6048 and 28?
28
Calculate the greatest common divisor of 588 and 24.
12
Calculate the greatest common divisor of 155 and 200.
5
Calculate the highest common factor of 28 and 504.
28
What is the greatest common divisor of 2394 and 98?
14
What is the highest common divisor of 3 and 4?
1
What is the highest common divisor of 7126 and 14?
14
What is the greatest common factor of 420 and 196?
28
What is the greatest common factor of 60 and 300?
60
Calculate the highest common factor of 100 and 2450.
50
Calculate the highest common factor of 37 and 185.
37
What is the greatest common factor of 3105 and 1755?
135
What is the greatest common factor of 27 and 288?
9
Calculate the greatest common factor of 39 and 91.
13
What is the greatest common divisor of 6812 and 572?
52
Calculate the greatest common factor of 32 and 608.
32
What is the highest common divisor of 5 and 80?
5
Calculate the greatest common factor of 176 and 16.
16
What is the highest common factor of 855 and 1539?
171
Calculate the highest common divisor of 295 and 5.
5
What is the greatest common factor of 840 and 105?
105
What is the highest common factor of 220 and 1848?
44
What is the highest common divisor of 30 and 48?
6
What is the greatest common factor of 21 and 39?
3
What is the greatest common factor of 7 and 119?
7
What is the highest common factor of 62 and 155?
31
Calculate the greatest common factor of 118 and 57112.
118
What is the greatest common divisor of 7 and 2807?
7
What is the highest common divisor of 119 and 196?
7
Calculate the highest common factor of 3 and 519.
3
What is the greatest common divisor of 14 and 1582?
14
Calculate the highest common factor of 404 and 4.
4
What is the highest common divisor of 833 and 187?
17
Calculate the highest common divisor of 20 and 820.
20
What is the highest common divisor of 20 and 1780?
20
Calculate the highest common divisor of 148 and 3145.
37
Calculate the highest common factor of 925 and 25.
25
Calculate the greatest common factor of 212 and 17914.
106
Calculate the highest common divisor of 136 and 4964.
68
Calculate the highest common factor of 1480 and 280.
40
Calculate the greatest common factor of 100 and 32.
4
What is the highest common factor of 30 and 2922?
6
What is the greatest common divisor of 803 and 187?
11
Calculate the highest common factor of 4 and 8.
4
Calculate the greatest common factor of 17 and 2227.
17
What is the highest common divisor of 9 and 7173?
9
What is the greatest common divisor of 288 and 32?
32
Calculate the greatest common divisor of 102 and 942.
6
Calculate the greatest common divisor of 2346 and 18.
6
Calculate the highest common divisor of 372 and 972.
12
Calculate the highest common divisor of 18 and 4242.
6
What is t